{"id":1608,"date":"2025-06-09T14:17:26","date_gmt":"2025-06-09T12:17:26","guid":{"rendered":"https:\/\/www.ampateclasala.cat\/?page_id=1608"},"modified":"2025-06-15T11:23:04","modified_gmt":"2025-06-15T09:23:04","slug":"suport","status":"publish","type":"page","link":"https:\/\/www.ampateclasala.cat\/index.php\/que-fem\/suport\/","title":{"rendered":"Suport"},"content":{"rendered":"\n<p>L&#8217;AFA dona suport als aspectes seg\u00fcents de l&#8217;escola.<\/p>\n\n\n\n<p><strong>Instal\u00b7lacions<\/strong><\/p>\n\n\n\n<p>Subvencionem millores en les instal\u00b7lacions del centre, com ara la compra de ventiladors i fonts d&#8217;osmosi, o l&#8217;arranjament de les pistes esportives.<\/p>\n\n\n\n<p><strong>Material escolar<\/strong><\/p>\n\n\n\n<p>Fem aportacions per a la compra de material escolar, com ara la renovaci\u00f3 dels ordinadors port\u00e0tils que utilitza l&#8217;alumnat del centre, o l&#8217;adquisici\u00f3 de material per a manualitats, esportiu i de psicomotricitat.<\/p>\n\n\n\n<p><strong>Menjador<\/strong><\/p>\n\n\n\n<p>Realitzem visites al menjador i mantenim reunions, tant amb l\u2019empresa encarregada de l\u2019elaboraci\u00f3 dels men\u00fas i el dinar com amb l&#8217;empresa encarregada del monitoratge, per tractar els comentaris que rebem de les fam\u00edlies i impulsar possibles millores.<\/p>\n\n\n\n<p><strong>Pont entre les fam\u00edlies i el centre educatiu<\/strong><\/p>\n\n\n\n<p>Recollim els comentaris de les mares i pares, els debatem i intentem donar-hi resposta amb el centre educatiu. Addicionalment participem al Consell Escolar com a representants de les fam\u00edlies.<\/p>\n\n\n\n<p>Estem en constant comunicaci\u00f3 amb els diferents agents escolars.<\/p>\n\n\n\n<p><strong>Pont entre les fam\u00edlies i l&#8217;Ajuntament<\/strong><\/p>\n\n\n\n<p>Mantenim converses amb les Regidories d&#8217;Educaci\u00f3 i de Mobilitat de l&#8217;Ajuntament, en relaci\u00f3 a la petici\u00f3 de serveis, la participaci\u00f3 en programes educatius i socials, o la millora de la seguretat vial al voltant dels diversos edificis de l&#8217;escola.<\/p>\n\n\n\n<p><strong>Asseguran\u00e7a<\/strong><\/p>\n\n\n\n<p>Disposem d\u2019una p\u00f2lissa d\u2019Asseguran\u00e7a d\u2019Orfandat, totalment volunt\u00e0ria, on el pare i la mare s\u00f3n els assegurats (indistintament) i l&#8217;alumne\/a \u00e9s el beneficiari.<\/p>\n\n\n\n<p>Les garanties de l\u2019asseguran\u00e7a cobertes contemplen la totalitat de les despeses d\u2019escolaritzaci\u00f3<br>de l\u2019alumne\/a.<\/p>\n","protected":false},"excerpt":{"rendered":"<p>L&#8217;AFA dona suport als aspectes seg\u00fcents de l&#8217;escola. Instal\u00b7lacions Subvencionem millores en les instal\u00b7lacions del centre, com ara la compra de ventiladors i fonts d&#8217;osmosi, o l&#8217;arranjament de les pistes esportives. Material escolar Fem aportacions per a la compra de<\/p>\n","protected":false},"author":1,"featured_media":0,"parent":1688,"menu_order":0,"comment_status":"closed","ping_status":"closed","template":"","meta":{"jetpack_post_was_ever_published":false,"footnotes":""},"class_list":["post-1608","page","type-page","status-publish","hentry"],"jetpack_sharing_enabled":true,"jetpack_shortlink":"https:\/\/wp.me\/P7VfUe-pW","_links":{"self":[{"href":"https:\/\/www.ampateclasala.cat\/index.php\/wp-json\/wp\/v2\/pages\/1608","targetHints":{"allow":["GET"]}}],"collection":[{"href":"https:\/\/www.ampateclasala.cat\/index.php\/wp-json\/wp\/v2\/pages"}],"about":[{"href":"https:\/\/www.ampateclasala.cat\/index.php\/wp-json\/wp\/v2\/types\/page"}],"author":[{"embeddable":true,"href":"https:\/\/www.ampateclasala.cat\/index.php\/wp-json\/wp\/v2\/users\/1"}],"replies":[{"embeddable":true,"href":"https:\/\/www.ampateclasala.cat\/index.php\/wp-json\/wp\/v2\/comments?post=1608"}],"version-history":[{"count":3,"href":"https:\/\/www.ampateclasala.cat\/index.php\/wp-json\/wp\/v2\/pages\/1608\/revisions"}],"predecessor-version":[{"id":1716,"href":"https:\/\/www.ampateclasala.cat\/index.php\/wp-json\/wp\/v2\/pages\/1608\/revisions\/1716"}],"up":[{"embeddable":true,"href":"https:\/\/www.ampateclasala.cat\/index.php\/wp-json\/wp\/v2\/pages\/1688"}],"wp:attachment":[{"href":"https:\/\/www.ampateclasala.cat\/index.php\/wp-json\/wp\/v2\/media?parent=1608"}],"curies":[{"name":"wp","href":"https:\/\/api.w.org\/{rel}","templated":true}]}}